a composite number?
True
Suppose 5*n - 2*x + 1 = -x, -4*x = n - 4. Suppose -3*i = -n*i. Is (-1 - 0) + (210 - i) a prime number?
False
Suppose -99676 = -22*b - 24854. Is b a prime number?
False
Let y = -8909 - -21186. Is y composite?
False
Let h = -24 - -16. Let w be -4 + h*4/(-8). Suppose -882 = -b + a + 77, w = 5*a. Is b a composite number?
True
Let x be 12*1 + -37 + 33. Let h be -1*1 - 190/(-1). Suppose -59 = -x*f + h. Is f a composite number?
False
Let w(b) = -11*b**3 + 4*b**2 + 10*b - 7. Is w(-6) a composite number?
True
Suppose y + h + 7689 = 5*y, 0 = 4*y - 2*h - 7694. Is y prime?
False
Let z = -14 - -159. Is z a prime number?
False
Let x = 22 + -23. Is (-3 - x)/((-4)/1042) a composite number?
False
Is ((-11014)/14)/(8*7/(-392)) a composite number?
False
Let f = -10983 - -17272. Is f prime?
False
Let z = -836 - -1282. Suppose 0 = -0*u + 4*u - m - 892, -2*u + z = 2*m. Is u a prime number?
True
Let x = -1709 - -10174. Is x prime?
False
Suppose 5 + 7 = 4*y - h, -2*h - 4 = 2*y. Let l(s) = 6*s - 4*s**y - 3 - s**3 + 4*s - 5. Is l(-9) a prime number?
True
Let f = 20 - 26. Let h be f/2 - (3 + -3). Is h/(9/12) - -89 a prime number?
False
Let t = 30 + -26. Suppose 5*u - 2*s - 2415 = -0*s, 3*s + 1925 = t*u. Is u prime?
False
Let l(v) = 33 + 23 - 43*v - 21. Is l(-9) prime?
False
Suppose -5*m = m - 30. Suppose 2*b - 1109 = -0*b + 5*s, m*s - 1676 = -3*b. Is b a prime number?
True
Suppose 6735 = 5*c - y, 12*y + 4028 = 3*c + 14*y. Is c prime?
False
Suppose 0 = -i + 5*i - 132140. Is i composite?
True
Let b(u) = -2*u - 4. Let x be b(-10). Let v be 8/x*(317 - -1). Let c = 466 - v. Is c a composite number?
False
Suppose -4*w + c = -266, -2*c - 190 = -3*w - 6*c. Suppose -42*y + 44*y - w = 0. Is y prime?
False
Let j(z) = 72*z - 5. Let p(g) = 2*g**3 - g**2 - 4*g + 3. Suppose -3 - 2 = -4*c + w, 2*w - 6 = 0. Let b be p(c). Is j(b) a composite number?
False
Let r = 1335 + 1912. Is r composite?
True
Let u(x) be the second derivative of x**4/12 + 5*x**3/3 + x**2 + 8*x. Let b be u(-10). Suppose -1106 = -b*k - 0*k. Is k a prime number?
False
Let m = -3104 + 10339. Is m composite?
True
Suppose 17125 = 9*k - 81092. Is k prime?
False
Suppose 5*j + 4*h - 53203 = 0, 47322 = 4*j - 4*h + 4774. Is j prime?
True
Let n(o) = o**2 + 17*o + 28. Let b be n(-16). Suppose b*s = 20*s - 2920. Is s prime?
False
Suppose -8*j = -9*j + 9. Suppose 10*o - 2 = j*o. Suppose 0 = o*q - 238 + 84. Is q composite?
True
Let x be -4 - -1 - (-2)/((-6)/(-345)). Let d = x - 29. Is d composite?
False
Suppose -24 = -4*z - 4*o, z = -2*z + 2*o - 2. Is z/7 - (33462/(-14))/3 a composite number?
False
Let n(d) be the third derivative of d**5/2 - d**4/12 + 13*d**3/6 + 10*d**2. Is n(4) composite?
True
Let p = -366 - -943. Let h = 978 - p. Is h composite?
False
Suppose 8*m = 5*u + 3*m - 35, -u - 2*m + 7 = 0. Let v be u*(-6)/(-21)*3. Is v/(-2) + 299 + -3 prime?
True
Let v = -40 - -22. Is (-16679)/(-9) - v/(-81) composite?
True
Suppose -4*w - 706 = -6*w. Suppose -2*p + 673 = -u, 2*p - 3*p + w = 5*u. Let n = 369 + p. Is n prime?
False
Suppose -5*k - 4*c - 49 = 0, 10*k + 22 = 8*k - c. Let i(a) = -a**3 + 9*a**2 - 9*a + 6. Let p be i(8). Is (p/(-2))/(k/(-481)) a composite number?
False
Suppose 3*a = -2*h + 1265, 0 = -7*h + 3*h + a + 2509. Let k = h + -309. Is k a composite number?
True
Suppose -2*t = -4*o + 643184, -70*t - 6 = -67*t. Is o a prime number?
False
Let q(d) = -d**3 + 5*d**2 + d + 2. Let g(y) = -y**3 - 13. Let c be g(0). Let z = 16 + c. Is q(z) a prime number?
True
Let w(p) = p**3 + 12*p**2 + 10*p + 6. Let u be w(-10). Let b = 55 - 110. Let f = b + u. Is f prime?
False
Let q(k) = k. Let h(p) = 2*p + 8. Let d(b) = -h(b) + 4*q(b). Let c be d(5). Suppose -c*o + 5 = -111. Is o prime?
False
Suppose 0 = -4*i + 2*r + 1372, -2*r + 0*r = 8. Is i a prime number?
False
Suppose 0 = 5*z - x - 2*x + 11, 5*x - 5 = -5*z. Let s be (5 - z) + (-1)/(-1). Suppose -s*k - 987 = -10*k. Is k a prime number?
False
Let r(k) = -7*k + 22. Let l be r(6). Is 2522/6 + l/15 composite?
False
Let b(c) = 12 - 2*c - 12*c**2 + 17*c**2 + 22*c**2. Is b(-5) a prime number?
False
Let m = 4212 + -1451. Is m composite?
True
Let v = -1846 - -536. Let o = 1959 + v. Is o composite?
True
Suppose -2*t + 3369 = t. Suppose 2*a + h - 2231 = -2*a, -2*a + h = -t. Is a a composite number?
True
Let v be (0 - 24)*(4 + -3). Let t be 0/2 - (v + 12). Suppose -3*r = t, 63 = -3*c + 2*r + 185. Is c composite?
True
Let n(c) = -8*c**3 + 3*c**2 - 4*c - 2. Let f = 10 - 13. Is n(f) composite?
True
Let l(w) = 53*w - 13. Is l(4) composite?
False
Suppose -2*s + 3*n = -n - 12, 2*s - 3*n - 11 = 0. Suppose -2 = -4*w + 14, s*i - 6536 = -3*w. Is i a composite number?
True
Is 59226/(-9)*(15/6 - 4) a composite number?
False
Suppose 6612 = -5*k + 17*k. Is k prime?
False
Let j(n) = -3*n**2 + 28*n**3 - 7*n - 398*n**3 + 3*n. Is j(-1) a prime number?
False
Suppose -5*j - 4*t = -38, 20 = 5*j - 4*t - t. Is ((-195)/j)/5*-86 composite?
True
Let r be (-20)/(-15)*(-9)/(-2). Let q(p) = 22*p - 5. Is q(r) a prime number?
True
Suppose 4*g + 6*k = 2*k + 216, -3*g = -k - 158. Suppose 321 = 2*a + a + r, -2*a + r = -209. Let t = a - g. Is t prime?
True
Let z(v) = -v**2 + 5*v - 7. Let p be z(6). Let c = p - -24. Suppose -7*w - 424 = -c*w. Is w a prime number?
False
Let u be (-3 + 1)/(6/(-15)) + -3. Suppose -u*k + 2*l = -217 - 197, -2*k + l = -418. Is k composite?
False
Let b(w) = 11*w - 55. Let t be b(19). Suppose 7*k + t = 1575. Is k prime?
False
Let b(w) = 32*w**2 + 4*w + 1. Suppose 5*j = 5*x + 21 + 19, 4*j - 24 = 2*x. Is b(x) composite?
True
Let c = 11433 - 2926. Is c prime?
False
Let g be 44/16*(-16)/4. Let y(l) be the second derivative of -40*l**3/3 + 27*l**2/2 + 6*l. Is y(g) a prime number?
True
Let i(t) = -t - 6. Let n be i(-6). Let z be 3 + 3 + 3/(-1). Suppose -z*a + 7*a - 3172 = n. Is a composite?
True
Let s(k) = -k**2 + 7*k - 6. Let j be s(5). Suppose 14555 = j*x - 4289. Is x a prime number?
False
Let d(q) be the first derivative of 25*q**4/12 - 2*q**3/3 - 5*q**2/2 + 9*q + 8. Let n(y) be the first derivative of d(y). Is n(4) a prime number?
True
Let i = 12 - 10. Suppose -1245 - 224 = -3*j - 2*l, 5*l + 1011 = i*j. Is j prime?
False
Let o = 11 + -7. Let f(g) = g**3 - 10*g**2 - 11*g + 2. Let z be f(11). Suppose -b - z*h + 949 = 2*b, -o*b - 5*h + 1256 = 0. Is b composite?
True
Let u(q) = -230*q - 29. Let d be u(-12). Suppose 3*p + 2*f = d, 5*f - f - 3648 = -4*p. Is p composite?
False
Suppose -8*t + 9*t + 57893 = 5*w, -4*t + 23166 = 2*w. Is w a prime number?
True
Let j be ((-75)/50)/((-2)/(-7492)). Let i = -2722 - j. Is i a prime number?
True
Let m be (-40)/15*21/4. Let l(x) = -x - 18. Let t be l(m). Let c(z) = 9*z**2 + 7*z + 3. Is c(t) a prime number?
False
Let a = 1724 + 35343. Is a prime?
False
Let x be (2 - 2)/((-3)/3). Suppose 6*i - 4*i - 154 = x. Is i prime?
False
Let z be ((-8)/12)/((-2)/12). Suppose 2*u = u - p + 111, z*u + 5*p - 442 = 0. Is u composite?
False
Let i = 1446 - -572. Suppose 3885 = o - i. Is o a composite number?
False
Let n = 9110 + -5284. Is n a composite number?
True
Let m(t) = 29*t**2 + 9*t + 65. Is m(-4) a composite number?
True
Suppose -2*c + 2*f = -2864, -3*c - 3*f = -0*f - 4314. Suppose -c = -3*d - 4*d. Is d a composite number?
True
Suppose -s = -5, 3*i + s - 28073 = -4617. Is i a composite number?
False
Let g(v) be the second derivative of v**5/10 - v**4/24 + 7*v**3/6 - 3*v**2/2 - v. Let c(t) be the first derivative of g(t). Is c(3) a composite number?
True
Suppose 2*v + 3*a = -0*v, 2*a = -4*v + 8. Let h = -13 + v. Is 8/10 + (-4382)/h a prime number?
True
Let m = -7 - -11. Suppose 0 = m*v - 2 - 10. Suppose 2*n + 211 = v*n. Is n a composite number?
False
Suppose 4*f = -2*n + 12910, 6*f = 5*f - 3*n + 3220. Is f prime?
True
Let z = 12 - 8. Let a = z + -1. Suppose 3*t - 162 = -a. Is t a prime number?
True
Let k be (-485)/2*(-12)/10. Let s = k + -19. Suppose 2*q + 2*d = 4*q - s, 3*q + 4*d = 443. Is q composite?
True
Let z(l) = -343*l + 3. Let i be z(-1). Suppose 1031 = 5*s - 354. Suppose u - 2*o - 74 = s, 0 = u - o - i. Is u a prime number?
False
Let p be (-12)/10*25/(-10). Is (p + -4 + 790)/3 a composite number?
False
Let i(s) = s + 30 + 38 + 9 - 3*s. Is i(0) a prime number?
False
Let k = 11397 - 6850. Is k composite?
False
Suppose -8 = -4*w + 12. Suppose -5*q = f - 4